. Suppose -2*h - s = -15 + 62, -4*h - 89 = s. Let c = b + h. What is the tens digit of c?
4
Let f(b) = b**3 - 5*b**2 - 11*b - 11. Let n be f(10). Let j = n - 150. What is the hundreds digit of j?
2
What is the units digit of 204/34 - (-1 - -4) - -256?
9
Suppose -42*i + 38*i = -56. Let x(w) = 8*w - 18. What is the tens digit of x(i)?
9
Let w(r) = 4*r - 88. Suppose -18*k + 932 = 392. What is the units digit of w(k)?
2
Let x(t) = 66*t**3 + 10*t**2 - 17*t - 6. What is the thousands digit of x(4)?
4
What is the tens digit of (5847/4)/((-42)/(-112)) + 1?
9
Suppose 0 = -3*d + 3*u + 5 + 16, -2*d - 4 = 4*u. Suppose d*s = -s - 130. What is the units digit of 490/26 + (-4)/s?
9
Suppose -16*c + 23*c = 42. What is the tens digit of (-8)/(-10)*((-651)/(-6) - c)?
8
Let c be -1 + (0 - (-4)/4). Suppose 5*s - 46 + 16 = c. What is the units digit of s?
6
Let g(j) be the first derivative of 3*j**2/2 - 3*j + 2. Let o = 17 + -8. What is the units digit of g(o)?
4
Let m = 287 - -19. What is the hundreds digit of m?
3
Let j(f) = 6 - 2 + 2*f + f**2 - 9*f. Suppose 41 = 4*s - 5*n, -5*n + 3 + 1 = s. What is the units digit of j(s)?
2
What is the tens digit of (-1*71)/((5/(-10))/1)?
4
Let y be (12/18)/(1/(-42)). Let u be (-3)/(-2) - (-98)/y. What is the units digit of u/8*-4 + 4?
5
Suppose -43794 = -20*t + 7646. What is the thousands digit of t?
2
Suppose -a = -6*a + 100. Suppose k - 6*k + a = 0. Suppose -5*m = -k*m - 13. What is the units digit of m?
3
Suppose -4*n + 5404 = 4*a, -3*a - 572 = -4*n + 4860. Suppose -8*i = 235 - n. What is the tens digit of i?
4
Let i be (6 + 1 + -7)/(2 + 0). Suppose i = -4*r + 20, 0*d - 2*r - 170 = -5*d. What is the units digit of d?
6
Suppose -6*v + 162 = -3*v - p, 2*p = -3*v + 162. Suppose 0 = -r - 3*m + v, -2*r + r + m + 70 = 0. What is the units digit of r?
6
Let g be 24*(-1 + 15/6). Suppose -k + 2 + g = 0. What is the units digit of k?
8
Suppose -3*s = -3*o - 60, -4*o + 61 = 5*s - 3. What is the tens digit of s*(3 + -2)*2?
3
Let z(h) = h**2 - 6*h + 7. Let d be (0 + 0)*2/4. Let f be 2 + d - (-25)/5. What is the units digit of z(f)?
4
Let o = 42 - -230. What is the hundreds digit of o?
2
Suppose 0 = -5*z + 10, z + 130 = s - 5*s. Let u = s - -99. What is the units digit of u?
6
Suppose -3*d - 4*n = -2*d - 2338, d - 2362 = 4*n. What is the tens digit of d?
5
Let p = 9 + -19. Let a(u) = -5*u + 26 - 19 - 17. What is the units digit of a(p)?
0
Let l(q) = 42*q**3 + 2*q**2 - 1. Suppose s - 2*s + 26 = 5*y, -4*y + 15 = -5*s. What is the tens digit of l(s)?
4
Let n = -2937 - -6108. What is the hundreds digit of n?
1
Suppose -5*m + q + 717 = 0, -4*q + 5*q + 285 = 2*m. What is the tens digit of m?
4
Suppose 0 = -g - 4*o + 59, 180 = 2*g + 3*o + 72. Suppose 3*p - 191 = 4*l + 58, 3*p + g = -l. Let v = l - -85. What is the units digit of v?
5
Let w = 10 + 19. Suppose 4*r - 3*k - w = 748, 0 = -r - 3*k + 198. What is the hundreds digit of r?
1
Let l be 8/16*2/1. What is the units digit of 24/60*(l + (-1452)/(-3))?
4
Let v(y) = -3*y - 2*y + 4*y + 8 + 0*y. Let f be v(4). Suppose -52 = -4*z + f*r, 0 = 5*z - 2*r - 54 - 26. What is the units digit of z?
8
Let t = 110 + -113. What is the units digit of t/6*(1 + 210/(-6))?
7
Let c = 46 + -43. What is the units digit of (2/(-4)*c)/(21/(-2072))?
8
Let v be 4/(-3 + 11)*-10*-1. Suppose 2*l = 5*j - 193 - 474, v*j = 5*l + 655. What is the units digit of j?
5
Let r = 1992 + -816. What is the thousands digit of r?
1
Let s(w) = -w**3 - w**2 + 57. Let i(h) = -3*h - 3. Let j be i(-1). What is the units digit of s(j)?
7
What is the tens digit of (48/9)/(5/450)?
8
Let r = -1647 + 3390. What is the hundreds digit of r?
7
Let p be 7/((-28)/(-16)) - 5. What is the units digit of p*9/3 + 37?
4
Suppose 90*j + j - 475748 = 0. What is the hundreds digit of j?
2
Let p = 94 - 93. What is the units digit of 1582/10 - p/5?
8
Let c(k) = 5*k**3 - k**2 + 50*k + 56. Let w(v) = 2*v**3 + 17*v + 19. Let s(n) = 3*c(n) - 8*w(n). What is the units digit of s(-7)?
4
Let w(c) = c**3 - 22*c**2 - 23*c - 35. Let g be w(23). What is the tens digit of ((-4)/(-14))/((-3)/g)*21?
7
Let a(n) = -8*n**2 - 2*n - 9. Let f(i) = -i**2 - 1. Let l(u) = 2*a(u) - 18*f(u). What is the tens digit of l(4)?
1
What is the thousands digit of (-8)/(6/(3852/(-3)))?
1
Let w be (-1234)/7 - 4/(-14). Let r be (-18)/(-27) + w/(-6). Suppose 2 = -4*o + r. What is the units digit of o?
7
Let b(o) = 42*o - 561. What is the tens digit of b(33)?
2
Let z(g) = g**2 + 6*g - 2. Let c(a) = a**2 + 12*a - 22. Let k be c(-14). What is the tens digit of z(k)?
7
Suppose -7*x + 1205 = -2*x + 4*w, w = 4*x - 985. Suppose -47*a - x = -52*a. What is the units digit of a?
9
Suppose 5*o - b - 29 = 0, 3*o - b + 19 = 6*o. Let t be -9*((-2 - -5) + o). Let f = t + 124. What is the tens digit of f?
4
Suppose -4*j + j = -6. Suppose j*f + 2*a - a - 2 = 0, 0 = -2*f + 2*a + 8. Suppose -3 = -5*t + f*t. What is the units digit of t?
1
Let i = 13 - 7. What is the units digit of (10 + 2)*4/i?
8
Suppose 0 = -0*z + 5*z - 5, 4*t + 3*z - 15 = 0. Let h(w) = -19 - 40*w + 9 + 6 + t. What is the tens digit of h(-1)?
3
Let u(p) = -3*p**2 - 5*p + 3. Let j be u(-4). Let i = j - -30. Suppose -i*t = r - 5, -2*r + 13 = -2*t - 9. What is the tens digit of r?
1
Let o(z) = 2*z - 8. Let k = -9 + 21. Suppose k - 3 = b. What is the units digit of o(b)?
0
Suppose 3*k = 8*k - 5, 0 = 3*q + 4*k - 532. What is the hundreds digit of q?
1
Suppose -r - 3*b = -871, -5*r + 3*b + 4319 = -0*b. What is the units digit of r?
5
Let s(m) = m**2 - 1. Let v be s(2). Let b(j) = -j**2 + 9*j + 13. Let k be b(10). Suppose -3*h - 7 = -p, 7*p - k*h = v*p + 55. What is the units digit of p?
6
Let m(u) = u**3 + 6*u**2 - 2*u - 7. Let z be m(-6). Suppose 4*p - 5*p = 2*s - 10, -z*s + 4*p + 25 = 0. Suppose s*k - 76 = 9. What is the units digit of k?
7
Suppose -5*b - 27 = -z, -2 + 10 = -2*b. Let d be z + -6*(-2)/(-4). Suppose 3*a = -2*a - 3*i + 153, -d*i - 16 = 0. What is the tens digit of a?
3
Let f(p) = -66*p - 3. What is the tens digit of f(-5)?
2
Suppose -5*w - 2*b + 396 = 0, 5*w - b - 2*b = 381. What is the units digit of w*(-1 + 3 + -1)?
8
Let c(f) = -11*f + 2. Let j(u) be the first derivative of u**2/2 + u - 8. Let q(p) = c(p) - 3*j(p). What is the tens digit of q(-3)?
4
Let g = -150 - -158. Suppose -g*i - i = -1062. What is the tens digit of i?
1
Let y(l) = l**3 - 6*l**2 - 9. Let k be y(7). Let p = k - 18. Suppose 5*c = -5*b + 30, -2*c + p = 5*b - 2. What is the units digit of b?
4
What is the thousands digit of 24926/22 + (-5 - 0)?
1
Let g(p) = 6*p + 4. Let s(r) = r + 1. Let z(f) = -g(f) + 5*s(f). Let j be z(3). What is the tens digit of (-12 - 1)/(j - -1)?
1
Suppose 0 = -4*h + 4*p - p + 2101, 2*p - 2609 = -5*h. Suppose -h + 63 = -5*j. What is the tens digit of j?
9
Let d(m) = -133*m**3 - 3*m + 13*m**3 + 4*m + 13 - 12. What is the units digit of d(-1)?
0
Suppose 35*f - 249410 = -35*f. What is the units digit of f?
3
Suppose -3*z - 4*q - 16 = z, -3*q - 12 = -4*z. Suppose z = 6*a + 2*a - 320. What is the units digit of a?
0
Let m(b) = b**2 + 4*b + 13. Let k be m(8). Suppose -5*n = 4*a - 412, -3*a - k - 65 = -2*n. Suppose 7*p - n - 133 = 0. What is the tens digit of p?
3
Suppose 0 = 31*u - 11598 - 2600. What is the hundreds digit of u?
4
Suppose 207*n - 222*n = -14580. What is the tens digit of n?
7
Let k = -14 + 20. What is the units digit of (816/12)/(4/k)?
2
Suppose 3*k - c - 337 = 0, 2*k + 5*c - 100 - 102 = 0. Let l = 189 - k. What is the tens digit of l?
7
Suppose 13*t - 8384 = 5*t. Suppose -12*q + 4*q = -t. What is the tens digit of q?
3
What is the hundreds digit of 2 + 104/(-64) - (-4106)/16?
2
Let u(j) = 8*j**2 + 6*j + 13. Let y(t) = -2*t - 11. Let a be y(-3). What is the units digit of u(a)?
3
Let v(t) = 3*t**2 + 8*t + 7. Let n be v(-4). Suppose -n = -3*a + 28. What is the units digit of a?
7
Suppose 5*c - 3*o + 3585 = -0*c, 0 = -5*o. Let f = c + 1053. What is the units digit of f?
6
Let a be 72/(-27)*(-6)/1. Suppose 0 = -0*k - 4*k - 4*u + a, -5*u = -10. Suppose -k*w - 3*d = -3*w + 50, -d + 252 = 4*w. What is the units digit of w?
2
Let k(q) = -q**2 - 5*q + 4. Let b be k(-6). What is the tens digit of (-2135)/(-85) - b/(-17)?
2
Let b(z) = 5*z**2 - 11*z - 1. Let t(o) = -11*o**2 + 23*o + 3. Let f(k) = -13*b(k) - 6*t(k). What is the units digit o